et v(w) = 26*w**2 - 2*w + 5. Let h(a) = 27*a**2 - 2*a + 6. Let r(p) = -4*h(p) + 5*v(p). What are the prime factors of r(1)?
3, 7
Let f be ((-1)/(-3))/(3/45). Suppose 0 = -f*z + 37 - 7. Let k(o) = o**2 - 4*o - 8. List the prime factors of k(z).
2
Let o(m) = m**3 + m + 11. Let r be o(0). Suppose -r = -f + 2. List the prime factors of f.
13
List the prime factors of 768/(-6)*2/(-4).
2
Suppose -4*n + 17 + 11 = 0. Let a = 5 - -12. Suppose t - 3*x = a, 4*t - 3*t - n = x. List the prime factors of t.
2
Let w be 14/3 - 3/(-9). Suppose 22 = -m + 2*l, -97 = w*m - 5*l - 7. List the prime factors of (-136)/m - (-6)/21.
2, 5
Let l(d) = d**3 - 3*d**2 - 5*d - 1. Let p be l(4). Let y be ((-8)/20)/((-1)/p). Let q = y - -11. What are the prime factors of q?
3
Let h be ((-2)/(-6))/(4/264). What are the prime factors of -1 - -1 - (1 - h)?
3, 7
Let k(m) = m**2 - 2*m + 3. List the prime factors of k(6).
3
Let g be (-3 + 0)*3 + -1. What are the prime factors of (12/g)/2*-15?
3
List the prime factors of ((-4)/(-12)*-1)/((-1)/279).
3, 31
Let h(z) = 2*z**2 + 2*z - 3. Let b be 2/(-4) - 5/(-2). Let v be h(b). Suppose v = 3*t - 21. What are the prime factors of t?
2, 5
Suppose 4*k = 4*a - k - 117, -141 = -5*a + k. What are the prime factors of a?
2, 7
Let v = -57 + 101. List the prime factors of v.
2, 11
Let g be (-9 + 3)*32/(-6). Let z = g - 47. Let a = 21 + z. What are the prime factors of a?
2, 3
Suppose w + 50 = 5*q, -4*q - 3*w + 4*w = -39. Let i be 4/2 + -1 - -22. Suppose i = v + 2*v + 4*n, 3*n = -v + q. List the prime factors of v.
5
Suppose -3*p + r + 63 = 2*r, -5*p - 3*r = -105. Let c be -2*1/(6/p). Let s(z) = -3*z - 9. What are the prime factors of s(c)?
2, 3
Suppose -m + 28 = 4*j, 0*j - 4*j + 148 = 4*m. What are the prime factors of m?
2, 5
Let k(z) be the third derivative of z**4/12 + z**3/6 - 2*z**2. Let x be k(2). Suppose -p = 3*n + 2*p - 36, x*p + 5 = 0. List the prime factors of n.
13
Suppose 0*n = 5*n + 5. Let p be (-63)/(-6) - n/2. Suppose 91 = 5*z + p. What are the prime factors of z?
2
Let i be 4/10 - (-258)/30. Suppose 0 = 4*c, 2*c + 51 = 5*m - i. List the prime factors of m.
2, 3
Suppose 7 = 5*f - 4*i, -3*f + 0*f - 4*i = -17. Suppose 7 = d + f. List the prime factors of d.
2
Suppose -n - 4*n + 165 = 4*i, -2*n = 4*i - 162. Suppose 0 = 4*w - 0*w - i. List the prime factors of w.
2, 5
Let z(x) = 4*x**2 + 3*x + 0*x**2 - x**3 - 5*x. Let f be z(3). Suppose 0 = -3*n - f*o + 21, -2*n + 5*o + 65 = 3*n. What are the prime factors of n?
2, 5
Let h be 1/(-1) - (8 - 11). List the prime factors of (h*-1)/((-8)/40).
2, 5
Let q(c) = c**3 + 6*c**2 - 4*c. Let p be q(-4). Let l(y) = 16*y**2 + y. Let m be l(-1). Suppose -2*n + 4*k + p = n, m = -5*k. List the prime factors of n.
2, 3
Let q be (4/(-1))/(2 - 0). List the prime factors of 48/(-6)*(q + 1).
2
Let t be (-3 - 2)*(-2 - -1). Suppose -86 = -t*q - 4*n, -2*q = -0*q + 2*n - 36. List the prime factors of q.
2, 7
Let m be (-1)/(-1 - (-17)/18). List the prime factors of m/6 - (-4)/2.
5
Suppose 3*g + 7 + 5 = -4*v, -8 = -v + 2*g. Suppose 5*w + 0*q = -5*q + 180, 3*q = v. List the prime factors of w.
2, 3
Suppose -6*b = -0*b - 414. List the prime factors of b.
3, 23
Let z(s) = 5*s**3 - s**2 - s - 3. Let c be z(3). Suppose -5*q + c = -2*q. Let r = q + -28. What are the prime factors of r?
2, 3
Let g(t) = t**2 - t + 14. Let c be g(0). Suppose 2*q + 0*q - 11 = -f, -f + 3*q - c = 0. What are the prime factors of ((-2)/6)/(f/(-27))?
3
Let b(x) = -x**3 + x**2 - 21. Let p be b(0). Let m = 58 + -27. Let a = p + m. What are the prime factors of a?
2, 5
Let q = -4 + 5. Let k(p) = -5*p**2 - 2*p - q - p**3 + 0*p**3 - p**2. What are the prime factors of k(-6)?
11
Let a be (-4)/(24/(-9) - -2). Let r = 6 - a. Suppose 0 = 5*n - r*n - 75. List the prime factors of n.
3, 5
Let j = -7 + 4. What are the prime factors of 1/j - (-124)/12?
2, 5
Suppose 695 = 2*h - 3*k, -k + 0*k + 345 = h. What are the prime factors of h?
2, 173
Let t(q) be the third derivative of 0 + 0*q + 1/60*q**5 + 2*q**2 - 7/24*q**4 - q**3. List the prime factors of t(8).
2
Let d(u) = u**3 - 7*u**2 + u - 3. Let q be (-21)/2*10/(-15). List the prime factors of d(q).
2
Let z be (-26)/8 - (-6)/(-8). Let b = 10 + z. List the prime factors of b.
2, 3
Let n = 66 + -104. Let a be n/3 - 2/6. Let r = 20 + a. What are the prime factors of r?
7
Let n(x) be the third derivative of -x**5/60 - 3*x**4/8 + 4*x**3/3 - 2*x**2. List the prime factors of n(-8).
2
Let z(h) = 8*h**2 + 2*h - 1. Let i be z(-2). Let c = i - 15. List the prime factors of c.
2, 3
Let w(z) = -z**3 + 2*z**2 + 2*z - 1. Let j(d) = -d**3 - 8*d**2 - 8*d - 3. Let s be j(-7). Suppose 9*l + 10 = s*l. What are the prime factors of w(l)?
11
Let f(n) = n**3 - 8*n**2 + 7*n + 2. Let x be f(7). Suppose -6*i = -x*b - i - 19, i = 3*b + 61. Let w = b - -38. List the prime factors of w.
2
Let c be 118/6 + 10/(-15). Suppose 0*w + 3*w + l = c, 3*w = -3*l + 15. What are the prime factors of w?
7
Suppose m - 3*m + 16 = 0. Suppose 5*w - 3*j + 2 = 16, -m = -4*j. Suppose -w*q + 8 + 24 = 0. List the prime factors of q.
2
Suppose 0 = -3*r + 11 + 37. What are the prime factors of r?
2
What are the prime factors of (-229)/12*-3 + (-2)/8?
3, 19
Let u(k) = -13*k - 1. Let z be u(-1). Suppose 3*o + 4 = 2*t - 2*o, 24 = t + 3*o. Suppose 3*a + 4*y - t = y, a - y - z = 0. List the prime factors of a.
2
Suppose 2*t = m, 2*t = -m - 0*t - 12. Let o(u) = -2*u + 4. Let i be o(10). Let g = m - i. List the prime factors of g.
2, 5
Suppose -2*x + 3*y - 18 = -6*x, 0 = 3*y - 6. Let l = -9 - -17. Suppose k = -x*k + l. List the prime factors of k.
2
What are the prime factors of (-78)/(-9) - 2/(-6)?
3
Let c = -12 + 7. Let f = c + 5. Let z = 8 + f. List the prime factors of z.
2
Suppose 2*n - 7*n - 5*l = -110, 0 = 5*n - 4*l - 83. Suppose n = s - 19. List the prime factors of s.
2, 19
Let k be (-2 + 3 - 1) + 5. Suppose k*y - 19 = 1. What are the prime factors of (3/y)/((-2)/(-24))?
3
Let w(v) = 14*v - 2. Let h be w(2). Suppose 5*t = 24 + h. What are the prime factors of t?
2, 5
Suppose 12 = 3*s - 4*f, -2*f = 3*s + f - 12. Suppose y + 8 = -y, 0 = 3*a + s*y - 119. List the prime factors of a.
3, 5
Let m = 12 - 1. List the prime factors of m.
11
List the prime factors of 51/5 + (-1)/5.
2, 5
Suppose -g + 5*x = -2 - 20, 2*x - 5 = 5*g. Let z be (-17)/(-3) + g/(-9). Suppose 28 = -2*h + z*h. List the prime factors of h.
7
What are the prime factors of (31 - (-5 - -3)) + 1?
2, 17
Let o = 58 - 41. What are the prime factors of o?
17
Suppose 4*s + 1 - 3 = -2*r, 4*r = 3*s - 29. Suppose 8 + 1 = s*u. List the prime factors of u.
3
Let x = -154 - -261. What are the prime factors of x?
107
Let b(i) = i - 1. Suppose -n + 6 + 9 = 0. Let j be ((-10)/n)/((-2)/18). What are the prime factors of b(j)?
5
Let o = 7 - -1. Suppose 0 = 3*i - 2*i + 2*j - o, 0 = 4*i + 5*j - 47. List the prime factors of i.
2, 3
Let i(u) = u**3 - 3*u**2 + 6*u - 3. Let v be i(4). Let x = v + -16. What are the prime factors of x?
3, 7
Let x(s) = 2*s**2 - 9*s + 16. List the prime factors of x(5).
3, 7
Suppose -3*y + 729 = m, 3*y - 2*y - 4*m = 256. List the prime factors of y.
2, 61
Suppose -44 = -6*b - 5*b. List the prime factors of b.
2
Let j be (15/(-10))/((-3)/(-4)). Let f be (0 - 0) + 1 + j. What are the prime factors of (-1)/2*(f + -9)?
5
Suppose -226 = -u - 0*u. What are the prime factors of u?
2, 113
Let r = -7 + 17. Suppose q - r + 2 = 0. List the prime factors of q.
2
Suppose -b + 1 - 6 = 0. Let h = b + -2. Let k = h - -18. List the prime factors of k.
11
Suppose 5*z - 48 = -4*m, -5*m + 5*z + 6 = -9. Suppose -3*b + m*b = 16. List the prime factors of b.
2
Let f be (-30)/(-5) - (0 + -3). Suppose 0 = 3*i - 4*i + f. What are the prime factors of i?
3
Let c be -24 + (-1 - -1 - 0). Let t = -42 + 76. Let p = t + c. List the prime factors of p.
2, 5
Suppose -5*r - 2*p + 23 = -44, 5*p - 5 = 0. Let i = 6 - r. Let w = i - -10. List the prime factors of w.
3
Let r be (6/9)/(10/15). Let s(h) = 27*h**3 - 1. List the prime factors of s(r).
2, 13
Suppose 30 = 5*n - v, 2*v + 0*v = -4*n + 38. Suppose 0*u + n = u. What are the prime factors of u?
7
Let g(m) = 15*m**3 + 2*m**2 - 5. What are the prime factors of g(2)?
3, 41
Suppose 0 = -2*t - 26 + 4. Let n = -5 - t. List the prime factors of n.
2, 3
Let y = 21 + 27. What are 